{"id":144,"date":"2025-01-23T18:01:09","date_gmt":"2025-01-23T17:01:09","guid":{"rendered":"https:\/\/cosmoschinchillas.se\/?page_id=144"},"modified":"2025-02-11T08:26:26","modified_gmt":"2025-02-11T07:26:26","slug":"tillbehor","status":"publish","type":"page","link":"https:\/\/www.cosmoschinchillas.se\/?page_id=144","title":{"rendered":"Tillbeh\u00f6r"},"content":{"rendered":"\n<h2 class=\"wp-block-heading\">H\u00e4ngmattor<\/h2>\n\n\n\n<div class=\"wp-block-media-text is-stacked-on-mobile\"><figure class=\"wp-block-media-text__media\"><img loading=\"lazy\" decoding=\"async\" width=\"738\" height=\"674\" src=\"https:\/\/cosmoschinchillas.se\/wp-content\/uploads\/2025\/01\/Sammanfattning.png\" alt=\"\" class=\"wp-image-434 size-full\" srcset=\"https:\/\/www.cosmoschinchillas.se\/wp-content\/uploads\/2025\/01\/Sammanfattning.png 738w, https:\/\/www.cosmoschinchillas.se\/wp-content\/uploads\/2025\/01\/Sammanfattning-300x274.png 300w, https:\/\/www.cosmoschinchillas.se\/wp-content\/uploads\/2025\/01\/Sammanfattning-600x548.png 600w\" sizes=\"auto, (max-width: 738px) 100vw, 738px\" \/><\/figure><div class=\"wp-block-media-text__content\">\n<p>H\u00e4ngmattor i fleece<br>Enkla: 50 kr\/st (plus porto)<br>Dubbla: 70 kr\/st (plus porto)<br>Fleecekuber: 100 kr\/st (plus porto)<br><br>Medlemspris f\u00f6r dig som \u00e4r medlem i CAS: <br>&#8211; H\u00e4ngmattor 10 kr avdrag<br>&#8211; Fleecekub 15 kr avdrag<br>Kan tas med till CAS utst\u00e4llningar.<\/p>\n<\/div><\/div>\n\n\n\n<p><br><\/p>\n\n\n\n<h2 class=\"wp-block-heading\">\u00d6rtmix<\/h2>\n\n\n\n<div class=\"wp-block-group is-nowrap is-layout-flex wp-container-core-group-is-layout-ad2f72ca wp-block-group-is-layout-flex\">\n<figure class=\"wp-block-image size-large\"><img loading=\"lazy\" decoding=\"async\" width=\"1024\" height=\"683\" src=\"https:\/\/cosmoschinchillas.se\/wp-content\/uploads\/2025\/01\/IMG_5390-1024x683.jpg\" alt=\"\" class=\"wp-image-678\" srcset=\"https:\/\/www.cosmoschinchillas.se\/wp-content\/uploads\/2025\/01\/IMG_5390-1024x683.jpg 1024w, https:\/\/www.cosmoschinchillas.se\/wp-content\/uploads\/2025\/01\/IMG_5390-300x200.jpg 300w, https:\/\/www.cosmoschinchillas.se\/wp-content\/uploads\/2025\/01\/IMG_5390-768x512.jpg 768w, https:\/\/www.cosmoschinchillas.se\/wp-content\/uploads\/2025\/01\/IMG_5390-1536x1024.jpg 1536w, https:\/\/www.cosmoschinchillas.se\/wp-content\/uploads\/2025\/01\/IMG_5390-2048x1365.jpg 2048w, https:\/\/www.cosmoschinchillas.se\/wp-content\/uploads\/2025\/01\/IMG_5390-600x400.jpg 600w, https:\/\/www.cosmoschinchillas.se\/wp-content\/uploads\/2025\/01\/IMG_5390-945x630.jpg 945w\" sizes=\"auto, (max-width: 1024px) 100vw, 1024px\" \/><\/figure>\n\n\n\n<p><strong>Inneh\u00e5ll: <br><\/strong>Maskrosblad (+blommor), hallonblad, bl\u00e5klint, n\u00e4sslor, johannes\u00f6rt, r\u00f6lleka, mj\u00f6lk\u00f6rt, mynta, kamomill, nypon, lavendel<br><br>Ca 100 gram: 50 kr\/st (plus porto)<br>Medlemspris f\u00f6r dig som \u00e4r medlem i CAS: 40 kr\/st<br>Kan tas med till CAS utst\u00e4llningar.<\/p>\n<\/div>\n\n\n\n<p><br><\/p>\n\n\n\n<h2 class=\"wp-block-heading\">\u00c4pplegrenar<\/h2>\n\n\n\n<div class=\"wp-block-group is-nowrap is-layout-flex wp-container-core-group-is-layout-ad2f72ca wp-block-group-is-layout-flex\">\n<figure class=\"wp-block-image size-large\"><img loading=\"lazy\" decoding=\"async\" width=\"1024\" height=\"683\" src=\"https:\/\/cosmoschinchillas.se\/wp-content\/uploads\/2025\/01\/IMG_5446-1024x683.jpg\" alt=\"\" class=\"wp-image-677\" srcset=\"https:\/\/www.cosmoschinchillas.se\/wp-content\/uploads\/2025\/01\/IMG_5446-1024x683.jpg 1024w, https:\/\/www.cosmoschinchillas.se\/wp-content\/uploads\/2025\/01\/IMG_5446-300x200.jpg 300w, https:\/\/www.cosmoschinchillas.se\/wp-content\/uploads\/2025\/01\/IMG_5446-768x512.jpg 768w, https:\/\/www.cosmoschinchillas.se\/wp-content\/uploads\/2025\/01\/IMG_5446-1536x1024.jpg 1536w, https:\/\/www.cosmoschinchillas.se\/wp-content\/uploads\/2025\/01\/IMG_5446-2048x1365.jpg 2048w, https:\/\/www.cosmoschinchillas.se\/wp-content\/uploads\/2025\/01\/IMG_5446-600x400.jpg 600w, https:\/\/www.cosmoschinchillas.se\/wp-content\/uploads\/2025\/01\/IMG_5446-945x630.jpg 945w\" sizes=\"auto, (max-width: 1024px) 100vw, 1024px\" \/><\/figure>\n\n\n\n<p>Torkade \u00e4pplegrenar, 100% naturligt och perfekt som syssels\u00e4ttning f\u00f6r din chinchilla och bra f\u00f6r dennes t\u00e4nder.<br>Ca 100 gram: 40 kr\/st (plus porto)<br>Medlemspris f\u00f6r dig som \u00e4r medlem i CAS: 30 kr\/st<br>Kan tas med till CAS utst\u00e4llningar.<\/p>\n<\/div>\n\n\n\n<p><br><\/p>\n\n\n\n<h2 class=\"wp-block-heading\">Kylplattor<\/h2>\n\n\n\n<div class=\"wp-block-media-text is-stacked-on-mobile\"><figure class=\"wp-block-media-text__media\"><img loading=\"lazy\" decoding=\"async\" width=\"576\" height=\"1024\" src=\"https:\/\/cosmoschinchillas.se\/wp-content\/uploads\/2025\/01\/440435270_1004601067872443_1073260606351797494_n-576x1024.jpg\" alt=\"\" class=\"wp-image-433 size-full\" srcset=\"https:\/\/www.cosmoschinchillas.se\/wp-content\/uploads\/2025\/01\/440435270_1004601067872443_1073260606351797494_n-576x1024.jpg 576w, https:\/\/www.cosmoschinchillas.se\/wp-content\/uploads\/2025\/01\/440435270_1004601067872443_1073260606351797494_n-169x300.jpg 169w, https:\/\/www.cosmoschinchillas.se\/wp-content\/uploads\/2025\/01\/440435270_1004601067872443_1073260606351797494_n-768x1365.jpg 768w, https:\/\/www.cosmoschinchillas.se\/wp-content\/uploads\/2025\/01\/440435270_1004601067872443_1073260606351797494_n-864x1536.jpg 864w, https:\/\/www.cosmoschinchillas.se\/wp-content\/uploads\/2025\/01\/440435270_1004601067872443_1073260606351797494_n-600x1067.jpg 600w, https:\/\/www.cosmoschinchillas.se\/wp-content\/uploads\/2025\/01\/440435270_1004601067872443_1073260606351797494_n-945x1680.jpg 945w, https:\/\/www.cosmoschinchillas.se\/wp-content\/uploads\/2025\/01\/440435270_1004601067872443_1073260606351797494_n.jpg 1152w\" sizes=\"auto, (max-width: 576px) 100vw, 576px\" \/><\/figure><div class=\"wp-block-media-text__content\">\n<p>Kylplattor i aluminium <br><em>M\u00e5tt: <br>L\u00e4ngd 41 cm  <br>Bredd 11,5 cm <br>Tjocklek 1 cm <\/em><br><br>50 kr\/st (plus porto)<br>Kan skickas med Postnord bl\u00e5 p\u00e5se XL, pris 130 kr.<br><br>Medlemspris f\u00f6r dig som \u00e4r medlem i CAS: 40 kr.<br>Kan tas med till CAS utst\u00e4llningar.<\/p>\n<\/div><\/div>\n","protected":false},"excerpt":{"rendered":"<p>H\u00e4ngmattor H\u00e4ngmattor i fleeceEnkla: 50 kr\/st (plus porto)Dubbla: 70 kr\/st (plus porto)Fleecekuber: 100 kr\/st (plus porto) Medlemspris f\u00f6r dig som \u00e4r medlem i CAS: &#8211; H\u00e4ngmattor 10 kr avdrag&#8211; Fleecekub 15 kr avdragKan tas med till CAS utst\u00e4llningar. \u00d6rtmix Inneh\u00e5ll: Maskrosblad (+blommor), hallonblad, bl\u00e5klint, n\u00e4sslor, johannes\u00f6rt, r\u00f6lleka, mj\u00f6lk\u00f6rt, mynta, kamomill, nypon, lavendel Ca 100 gram:&#8230;<\/p>\n","protected":false},"author":1,"featured_media":0,"parent":0,"menu_order":0,"comment_status":"closed","ping_status":"closed","template":"","meta":{"_kad_post_transparent":"","_kad_post_title":"","_kad_post_layout":"","_kad_post_sidebar_id":"","_kad_post_content_style":"","_kad_post_vertical_padding":"","_kad_post_feature":"","_kad_post_feature_position":"","_kad_post_header":false,"_kad_post_footer":false,"_kad_post_classname":"","footnotes":""},"class_list":["post-144","page","type-page","status-publish","hentry"],"_links":{"self":[{"href":"https:\/\/www.cosmoschinchillas.se\/index.php?rest_route=\/wp\/v2\/pages\/144","targetHints":{"allow":["GET"]}}],"collection":[{"href":"https:\/\/www.cosmoschinchillas.se\/index.php?rest_route=\/wp\/v2\/pages"}],"about":[{"href":"https:\/\/www.cosmoschinchillas.se\/index.php?rest_route=\/wp\/v2\/types\/page"}],"author":[{"embeddable":true,"href":"https:\/\/www.cosmoschinchillas.se\/index.php?rest_route=\/wp\/v2\/users\/1"}],"replies":[{"embeddable":true,"href":"https:\/\/www.cosmoschinchillas.se\/index.php?rest_route=%2Fwp%2Fv2%2Fcomments&post=144"}],"version-history":[{"count":3,"href":"https:\/\/www.cosmoschinchillas.se\/index.php?rest_route=\/wp\/v2\/pages\/144\/revisions"}],"predecessor-version":[{"id":693,"href":"https:\/\/www.cosmoschinchillas.se\/index.php?rest_route=\/wp\/v2\/pages\/144\/revisions\/693"}],"wp:attachment":[{"href":"https:\/\/www.cosmoschinchillas.se\/index.php?rest_route=%2Fwp%2Fv2%2Fmedia&parent=144"}],"curies":[{"name":"wp","href":"https:\/\/api.w.org\/{rel}","templated":true}]}}