{"id":293,"date":"2025-01-24T16:11:41","date_gmt":"2025-01-24T15:11:41","guid":{"rendered":"https:\/\/cosmoschinchillas.se\/?page_id=293"},"modified":"2025-01-26T01:16:43","modified_gmt":"2025-01-26T00:16:43","slug":"pellets","status":"publish","type":"page","link":"https:\/\/www.cosmoschinchillas.se\/?page_id=293","title":{"rendered":"Pellets"},"content":{"rendered":"\n<div class=\"wp-block-media-text is-stacked-on-mobile\"><figure class=\"wp-block-media-text__media\"><img loading=\"lazy\" decoding=\"async\" width=\"1000\" height=\"473\" src=\"https:\/\/cosmoschinchillas.se\/wp-content\/uploads\/2025\/01\/Masters-chinchillapellets-presentationsbild.jpeg\" alt=\"\" class=\"wp-image-520 size-full\" srcset=\"https:\/\/www.cosmoschinchillas.se\/wp-content\/uploads\/2025\/01\/Masters-chinchillapellets-presentationsbild.jpeg 1000w, https:\/\/www.cosmoschinchillas.se\/wp-content\/uploads\/2025\/01\/Masters-chinchillapellets-presentationsbild-300x142.jpeg 300w, https:\/\/www.cosmoschinchillas.se\/wp-content\/uploads\/2025\/01\/Masters-chinchillapellets-presentationsbild-768x363.jpeg 768w, https:\/\/www.cosmoschinchillas.se\/wp-content\/uploads\/2025\/01\/Masters-chinchillapellets-presentationsbild-600x284.jpeg 600w, https:\/\/www.cosmoschinchillas.se\/wp-content\/uploads\/2025\/01\/Masters-chinchillapellets-presentationsbild-945x447.jpeg 945w\" sizes=\"auto, (max-width: 1000px) 100vw, 1000px\" \/><\/figure><div class=\"wp-block-media-text__content\">\n<p><strong>M\u00e4sters Chinchillapellets<\/strong><br><br>Finns att k\u00f6pa:<br><a href=\"https:\/\/vetzoo.se\/masters-chinchillapellets-6391?utm_source=google&amp;utm_medium=cpc&amp;utm_campaign=AR-SE%3A%20Varum%C3%A4rken&amp;utm_id=1457736176&amp;gad_source=1&amp;gclid=CjwKCAiAtNK8BhBBEiwA8wVt92JXHHKeCMFMjlfYHYRrQnm3ispKi2ICgQgn-qLHfwgcKidx3SoEiBoCw-MQAvD_BwE\" class=\"ek-link\">VetZoo<\/a> online<br><a href=\"https:\/\/www.arkenzoo.se\/masters-chinchillapellets\" class=\"ek-link\">ArkenZoo<\/a> online<br><a href=\"https:\/\/www.xl-zoo.se\/masters-chinchillapellets-5kg\/\" class=\"ek-link\">XL Zoo<\/a> online<br><strong><br><\/strong><\/p>\n<\/div><\/div>\n\n\n\n<p><br><\/p>\n\n\n\n<div class=\"wp-block-media-text is-stacked-on-mobile\" style=\"grid-template-columns:35% auto\"><figure class=\"wp-block-media-text__media\"><img loading=\"lazy\" decoding=\"async\" width=\"293\" height=\"450\" src=\"https:\/\/cosmoschinchillas.se\/wp-content\/uploads\/2025\/01\/Oxbow-chinchillapellets.webp\" alt=\"\" class=\"wp-image-522 size-full\" srcset=\"https:\/\/www.cosmoschinchillas.se\/wp-content\/uploads\/2025\/01\/Oxbow-chinchillapellets.webp 293w, https:\/\/www.cosmoschinchillas.se\/wp-content\/uploads\/2025\/01\/Oxbow-chinchillapellets-195x300.webp 195w\" sizes=\"auto, (max-width: 293px) 100vw, 293px\" \/><\/figure><div class=\"wp-block-media-text__content\">\n<p><strong>Oxbow Chinchillapellets<\/strong><br><br>Finns att k\u00f6pa:<br><a href=\"https:\/\/www.zoo.se\/smadjur\/produkter\/chinchilla-deluxe-food?p=206694001&amp;srsltid=AfmBOoq6X9N4OVpfa8oP9U1C-Ejpl7GBgCscMvGgxRMyE0tqyIeQXw5Y3ps\" class=\"ek-link\">ZOO.se<\/a> online<\/p>\n<\/div><\/div>\n\n\n\n<p><br><\/p>\n\n\n\n<div class=\"wp-block-media-text is-stacked-on-mobile\" style=\"grid-template-columns:32% auto\"><figure class=\"wp-block-media-text__media\"><img loading=\"lazy\" decoding=\"async\" width=\"350\" height=\"668\" src=\"https:\/\/cosmoschinchillas.se\/wp-content\/uploads\/2025\/01\/Lottie-smadjursfoder.png\" alt=\"\" class=\"wp-image-523 size-full\" srcset=\"https:\/\/www.cosmoschinchillas.se\/wp-content\/uploads\/2025\/01\/Lottie-smadjursfoder.png 350w, https:\/\/www.cosmoschinchillas.se\/wp-content\/uploads\/2025\/01\/Lottie-smadjursfoder-157x300.png 157w\" sizes=\"auto, (max-width: 350px) 100vw, 350px\" \/><\/figure><div class=\"wp-block-media-text__content\">\n<p><strong>Lottie Sm\u00e5djursfoder<\/strong><br><br>Finns att k\u00f6pa:<br><a href=\"https:\/\/www.granngarden.se\/smadjursfoder-lottie-havre-vetekli-15kg?utm_source=google&amp;utm_medium=cpc&amp;utm_campaign=PMax%3A%20%28S%29%20Husdjur&amp;utm_id=17496003240&amp;utm_term=&amp;utm_content=&amp;utm_source_platform=Google+Ads&amp;gad_source=1&amp;gclid=CjwKCAiAtNK8BhBBEiwA8wVt908CpbwgsfciEkT0pKGWhHluk5HmkoSHT57RZEOwYMJxmVsc_NwjaBoCHQgQAvD_BwE\" class=\"ek-link\">Granng\u00e5rden<\/a><\/p>\n<\/div><\/div>\n\n\n\n<p><br><\/p>\n\n\n\n<div class=\"wp-block-media-text is-stacked-on-mobile\"><figure class=\"wp-block-media-text__media\"><\/figure><div class=\"wp-block-media-text__content\">\n<p><strong>Carrier Kanin &amp; Marsvinspellets<\/strong><\/p>\n<\/div><\/div>\n","protected":false},"excerpt":{"rendered":"<p>M\u00e4sters Chinchillapellets Finns att k\u00f6pa:VetZoo onlineArkenZoo onlineXL Zoo online Oxbow Chinchillapellets Finns att k\u00f6pa:ZOO.se online Lottie Sm\u00e5djursfoder Finns att k\u00f6pa:Granng\u00e5rden Carrier Kanin &amp; Marsvinspellets<\/p>\n","protected":false},"author":1,"featured_media":0,"parent":0,"menu_order":0,"comment_status":"closed","ping_status":"closed","template":"","meta":{"_kad_post_transparent":"","_kad_post_title":"","_kad_post_layout":"","_kad_post_sidebar_id":"","_kad_post_content_style":"","_kad_post_vertical_padding":"","_kad_post_feature":"","_kad_post_feature_position":"","_kad_post_header":false,"_kad_post_footer":false,"_kad_post_classname":"","footnotes":""},"class_list":["post-293","page","type-page","status-publish","hentry"],"_links":{"self":[{"href":"https:\/\/www.cosmoschinchillas.se\/index.php?rest_route=\/wp\/v2\/pages\/293","targetHints":{"allow":["GET"]}}],"collection":[{"href":"https:\/\/www.cosmoschinchillas.se\/index.php?rest_route=\/wp\/v2\/pages"}],"about":[{"href":"https:\/\/www.cosmoschinchillas.se\/index.php?rest_route=\/wp\/v2\/types\/page"}],"author":[{"embeddable":true,"href":"https:\/\/www.cosmoschinchillas.se\/index.php?rest_route=\/wp\/v2\/users\/1"}],"replies":[{"embeddable":true,"href":"https:\/\/www.cosmoschinchillas.se\/index.php?rest_route=%2Fwp%2Fv2%2Fcomments&post=293"}],"version-history":[{"count":3,"href":"https:\/\/www.cosmoschinchillas.se\/index.php?rest_route=\/wp\/v2\/pages\/293\/revisions"}],"predecessor-version":[{"id":526,"href":"https:\/\/www.cosmoschinchillas.se\/index.php?rest_route=\/wp\/v2\/pages\/293\/revisions\/526"}],"wp:attachment":[{"href":"https:\/\/www.cosmoschinchillas.se\/index.php?rest_route=%2Fwp%2Fv2%2Fmedia&parent=293"}],"curies":[{"name":"wp","href":"https:\/\/api.w.org\/{rel}","templated":true}]}}