{"id":73,"date":"2025-01-01T14:22:48","date_gmt":"2025-01-01T13:22:48","guid":{"rendered":"https:\/\/cosmoschinchillas.se\/?page_id=73"},"modified":"2025-01-30T00:12:32","modified_gmt":"2025-01-29T23:12:32","slug":"startsidan","status":"publish","type":"page","link":"https:\/\/www.cosmoschinchillas.se\/","title":{"rendered":"Om oss"},"content":{"rendered":"\n<p>SE*Cosmo&#8217;s Chinchilla registrerades i CAS f\u00f6rening april 2018.<br><br>Jag som driver uppf\u00f6dningen heter Cosmo och bor tillsammans med min sambo strax utanf\u00f6r Sk\u00e4nninge i \u00d6sterg\u00f6tlands l\u00e4n. Jag har tidigare bott i Sk\u00e5ne och i Motala med min uppf\u00f6dning och f\u00f6rs\u00f6ker bes\u00f6ka s\u00e5 m\u00e5nga utav CAS utst\u00e4llningar som m\u00f6jligt. <br>Min f\u00f6rsta kull fick jag 2009, men jag b\u00f6rjade inte med seri\u00f6s avel f\u00f6rr\u00e4n 2016-2017 d\u00e5 jag k\u00f6pte in chinchillor fr\u00e5n andra uppf\u00f6dare och p\u00e5b\u00f6rjade min utbildning i f\u00f6reningen. <br><br>Jag fokuserar fr\u00e4mst p\u00e5 den n\u00e5got ovanliga och lite ok\u00e4nda mutationen Blue Slate, och mitt arbete med den mutationen handlar i f\u00f6rsta hand om att lista ut huruvida det \u00e4r en egen mutation, eller en variant av en redan befintlig mutation. Jag kommer l\u00e4gga in texter varefter under avsnittet Blue Slate h\u00e4r p\u00e5 sidan.<br>Ut\u00f6ver Blue Slate arbetar jag \u00e4ven med RPA &#8211; Royal Persian Angora, och Black Pearl som \u00e4r tv\u00e5 andra lite ovanligare mutationer. Sen finns s\u00e5 klart n\u00e5gra av de mer vanliga f\u00e4rgerna hemma ocks\u00e5.<br> Jag avlar p\u00e5 trevliga, friska djur som ska passa f\u00f6r avel, utst\u00e4llning och till s\u00e4llskap. Jag \u00e4r m\u00e5n om att hitta r\u00e4tt hem till varje individ och jag erbjuder livsl\u00e5ng support till mina k\u00f6pare. <br> Samtliga chinchillor ur min uppf\u00f6dning s\u00e4ljs med stamtavla och k\u00f6peavtal, ibland f\u00f6rmedlar jag \u00e4ven omplacerade chinchillor som d\u00e5 s\u00e4ljs med regbevis om ingen stamtavla finns, samt k\u00f6peavtal.<\/p>\n\n\n\n<figure class=\"wp-block-gallery has-nested-images columns-default is-cropped wp-block-gallery-1 is-layout-flex wp-block-gallery-is-layout-flex\">\n<figure class=\"wp-block-image size-large\"><img loading=\"lazy\" decoding=\"async\" width=\"683\" height=\"1024\" data-id=\"157\" src=\"https:\/\/cosmoschinchillas.se\/wp-content\/uploads\/2025\/01\/IMG_1719-683x1024.jpg\" alt=\"\" class=\"wp-image-157\" srcset=\"https:\/\/www.cosmoschinchillas.se\/wp-content\/uploads\/2025\/01\/IMG_1719-683x1024.jpg 683w, https:\/\/www.cosmoschinchillas.se\/wp-content\/uploads\/2025\/01\/IMG_1719-200x300.jpg 200w, https:\/\/www.cosmoschinchillas.se\/wp-content\/uploads\/2025\/01\/IMG_1719-768x1152.jpg 768w, https:\/\/www.cosmoschinchillas.se\/wp-content\/uploads\/2025\/01\/IMG_1719-1024x1536.jpg 1024w, https:\/\/www.cosmoschinchillas.se\/wp-content\/uploads\/2025\/01\/IMG_1719-1365x2048.jpg 1365w, https:\/\/www.cosmoschinchillas.se\/wp-content\/uploads\/2025\/01\/IMG_1719-600x900.jpg 600w, https:\/\/www.cosmoschinchillas.se\/wp-content\/uploads\/2025\/01\/IMG_1719-945x1418.jpg 945w, https:\/\/www.cosmoschinchillas.se\/wp-content\/uploads\/2025\/01\/IMG_1719-scaled.jpg 1707w\" sizes=\"auto, (max-width: 683px) 100vw, 683px\" \/><figcaption class=\"wp-element-caption\"><em><strong><mark style=\"background-color:rgba(0, 0, 0, 0)\" class=\"has-inline-color has-white-color\">SE*Cosmo&#8217;s Raskal, white ebony rpac<\/mark><\/strong><\/em><\/figcaption><\/figure>\n<\/figure>\n\n\n\n<p><br><\/p>\n","protected":false},"excerpt":{"rendered":"<p>SE*Cosmo&#8217;s Chinchilla registrerades i CAS f\u00f6rening april 2018. Jag som driver uppf\u00f6dningen heter Cosmo och bor tillsammans med min sambo strax utanf\u00f6r Sk\u00e4nninge i \u00d6sterg\u00f6tlands l\u00e4n. Jag har tidigare bott i Sk\u00e5ne och i Motala med min uppf\u00f6dning och f\u00f6rs\u00f6ker bes\u00f6ka s\u00e5 m\u00e5nga utav CAS utst\u00e4llningar som m\u00f6jligt. Min f\u00f6rsta kull fick jag 2009, men&#8230;<\/p>\n","protected":false},"author":1,"featured_media":0,"parent":0,"menu_order":0,"comment_status":"closed","ping_status":"closed","template":"","meta":{"_kad_post_transparent":"","_kad_post_title":"","_kad_post_layout":"","_kad_post_sidebar_id":"","_kad_post_content_style":"","_kad_post_vertical_padding":"","_kad_post_feature":"","_kad_post_feature_position":"","_kad_post_header":false,"_kad_post_footer":false,"_kad_post_classname":"","footnotes":""},"class_list":["post-73","page","type-page","status-publish","hentry"],"_links":{"self":[{"href":"https:\/\/www.cosmoschinchillas.se\/index.php?rest_route=\/wp\/v2\/pages\/73","targetHints":{"allow":["GET"]}}],"collection":[{"href":"https:\/\/www.cosmoschinchillas.se\/index.php?rest_route=\/wp\/v2\/pages"}],"about":[{"href":"https:\/\/www.cosmoschinchillas.se\/index.php?rest_route=\/wp\/v2\/types\/page"}],"author":[{"embeddable":true,"href":"https:\/\/www.cosmoschinchillas.se\/index.php?rest_route=\/wp\/v2\/users\/1"}],"replies":[{"embeddable":true,"href":"https:\/\/www.cosmoschinchillas.se\/index.php?rest_route=%2Fwp%2Fv2%2Fcomments&post=73"}],"version-history":[{"count":3,"href":"https:\/\/www.cosmoschinchillas.se\/index.php?rest_route=\/wp\/v2\/pages\/73\/revisions"}],"predecessor-version":[{"id":688,"href":"https:\/\/www.cosmoschinchillas.se\/index.php?rest_route=\/wp\/v2\/pages\/73\/revisions\/688"}],"wp:attachment":[{"href":"https:\/\/www.cosmoschinchillas.se\/index.php?rest_route=%2Fwp%2Fv2%2Fmedia&parent=73"}],"curies":[{"name":"wp","href":"https:\/\/api.w.org\/{rel}","templated":true}]}}