{"id":907,"date":"2025-04-30T15:28:58","date_gmt":"2025-04-30T13:28:58","guid":{"rendered":"https:\/\/cosmoschinchillas.se\/?page_id=907"},"modified":"2025-04-30T15:32:34","modified_gmt":"2025-04-30T13:32:34","slug":"pet","status":"publish","type":"page","link":"https:\/\/www.cosmoschinchillas.se\/?page_id=907","title":{"rendered":"PET"},"content":{"rendered":"\n<p><strong>Pet: <\/strong>Ingen k\u00e4nd bakgrund <br><br>Samtliga chinchillor jag tar emot som saknar k\u00e4nd bakgrund registreras i f\u00f6reningen CAS och f\u00e5r ett registreringsbevis med alla uppgifter jag har om djuren. De f\u00e5r ett namn, ett nummer i v\u00e5ra register, deras f\u00e4rg, k\u00f6n och ungef\u00e4rliga \u00e5lder listas. Detta regbevis blir djurets ID-handling precis som en stamtavla.<br><\/p>\n\n\n\n<p><br><\/p>\n\n\n\n<div class=\"wp-block-media-text is-stacked-on-mobile\"><figure class=\"wp-block-media-text__media\"><img loading=\"lazy\" decoding=\"async\" width=\"1024\" height=\"682\" src=\"https:\/\/cosmoschinchillas.se\/wp-content\/uploads\/2025\/02\/IMG_5662-1024x682.jpg\" alt=\"\" class=\"wp-image-716 size-full\" srcset=\"https:\/\/www.cosmoschinchillas.se\/wp-content\/uploads\/2025\/02\/IMG_5662-1024x682.jpg 1024w, https:\/\/www.cosmoschinchillas.se\/wp-content\/uploads\/2025\/02\/IMG_5662-300x200.jpg 300w, https:\/\/www.cosmoschinchillas.se\/wp-content\/uploads\/2025\/02\/IMG_5662-768x512.jpg 768w, https:\/\/www.cosmoschinchillas.se\/wp-content\/uploads\/2025\/02\/IMG_5662-600x400.jpg 600w, https:\/\/www.cosmoschinchillas.se\/wp-content\/uploads\/2025\/02\/IMG_5662-945x630.jpg 945w, https:\/\/www.cosmoschinchillas.se\/wp-content\/uploads\/2025\/02\/IMG_5662.jpg 1100w\" sizes=\"auto, (max-width: 1024px) 100vw, 1024px\" \/><\/figure><div class=\"wp-block-media-text__content\">\n<p><strong>Bagheera<\/strong><br>Black velvet (?), hane<br><br><strong>Far: <\/strong>Ok\u00e4nt<br><strong>Mor:<\/strong> Ok\u00e4nt<br><strong>DoB:<\/strong> 2016<\/p>\n<\/div><\/div>\n\n\n\n<p><br><\/p>\n\n\n\n<div class=\"wp-block-media-text is-stacked-on-mobile\"><figure class=\"wp-block-media-text__media\"><img loading=\"lazy\" decoding=\"async\" width=\"1024\" height=\"682\" src=\"https:\/\/cosmoschinchillas.se\/wp-content\/uploads\/2025\/02\/IMG_5662-1024x682.jpg\" alt=\"\" class=\"wp-image-716 size-full\" srcset=\"https:\/\/www.cosmoschinchillas.se\/wp-content\/uploads\/2025\/02\/IMG_5662-1024x682.jpg 1024w, https:\/\/www.cosmoschinchillas.se\/wp-content\/uploads\/2025\/02\/IMG_5662-300x200.jpg 300w, https:\/\/www.cosmoschinchillas.se\/wp-content\/uploads\/2025\/02\/IMG_5662-768x512.jpg 768w, https:\/\/www.cosmoschinchillas.se\/wp-content\/uploads\/2025\/02\/IMG_5662-600x400.jpg 600w, https:\/\/www.cosmoschinchillas.se\/wp-content\/uploads\/2025\/02\/IMG_5662-945x630.jpg 945w, https:\/\/www.cosmoschinchillas.se\/wp-content\/uploads\/2025\/02\/IMG_5662.jpg 1100w\" sizes=\"auto, (max-width: 1024px) 100vw, 1024px\" \/><\/figure><div class=\"wp-block-media-text__content\">\n<p><strong>Kiwi<\/strong><br>Grey, hane<br><br><strong>Far:<\/strong> Bagheera<br><strong>Mor: <\/strong>Ok\u00e4nt<strong><br>DoB:<\/strong> 2021<\/p>\n<\/div><\/div>\n\n\n\n<p><br><\/p>\n","protected":false},"excerpt":{"rendered":"<p>Pet: Ingen k\u00e4nd bakgrund Samtliga chinchillor jag tar emot som saknar k\u00e4nd bakgrund registreras i f\u00f6reningen CAS och f\u00e5r ett registreringsbevis med alla uppgifter jag har om djuren. De f\u00e5r ett namn, ett nummer i v\u00e5ra register, deras f\u00e4rg, k\u00f6n och ungef\u00e4rliga \u00e5lder listas. Detta regbevis blir djurets ID-handling precis som en stamtavla. BagheeraBlack velvet&#8230;<\/p>\n","protected":false},"author":1,"featured_media":0,"parent":0,"menu_order":0,"comment_status":"closed","ping_status":"closed","template":"","meta":{"_kad_post_transparent":"","_kad_post_title":"","_kad_post_layout":"","_kad_post_sidebar_id":"","_kad_post_content_style":"","_kad_post_vertical_padding":"","_kad_post_feature":"","_kad_post_feature_position":"","_kad_post_header":false,"_kad_post_footer":false,"_kad_post_classname":"","footnotes":""},"class_list":["post-907","page","type-page","status-publish","hentry"],"_links":{"self":[{"href":"https:\/\/www.cosmoschinchillas.se\/index.php?rest_route=\/wp\/v2\/pages\/907","targetHints":{"allow":["GET"]}}],"collection":[{"href":"https:\/\/www.cosmoschinchillas.se\/index.php?rest_route=\/wp\/v2\/pages"}],"about":[{"href":"https:\/\/www.cosmoschinchillas.se\/index.php?rest_route=\/wp\/v2\/types\/page"}],"author":[{"embeddable":true,"href":"https:\/\/www.cosmoschinchillas.se\/index.php?rest_route=\/wp\/v2\/users\/1"}],"replies":[{"embeddable":true,"href":"https:\/\/www.cosmoschinchillas.se\/index.php?rest_route=%2Fwp%2Fv2%2Fcomments&post=907"}],"version-history":[{"count":4,"href":"https:\/\/www.cosmoschinchillas.se\/index.php?rest_route=\/wp\/v2\/pages\/907\/revisions"}],"predecessor-version":[{"id":914,"href":"https:\/\/www.cosmoschinchillas.se\/index.php?rest_route=\/wp\/v2\/pages\/907\/revisions\/914"}],"wp:attachment":[{"href":"https:\/\/www.cosmoschinchillas.se\/index.php?rest_route=%2Fwp%2Fv2%2Fmedia&parent=907"}],"curies":[{"name":"wp","href":"https:\/\/api.w.org\/{rel}","templated":true}]}}